ed by 678.
11
Calculate the remainder when 12188 is divided by 2161.
1383
Calculate the remainder when 1959 is divided by 971.
17
Calculate the remainder when 2177 is divided by 985.
207
Calculate the remainder when 171481 is divided by 201.
28
What is the remainder when 35192 is divided by 5865?
2
Calculate the remainder when 30875 is divided by 234.
221
What is the remainder when 2203 is divided by 214?
63
Calculate the remainder when 21893 is divided by 8.
5
Calculate the remainder when 15394 is divided by 334.
30
Calculate the remainder when 6749 is divided by 1325.
124
Calculate the remainder when 9504 is divided by 202.
10
What is the remainder when 11793133 is divided by 115?
113
What is the remainder when 11033 is divided by 3674?
11
Calculate the remainder when 202365 is divided by 12647.
13
Calculate the remainder when 1552991 is divided by 7.
6
Calculate the remainder when 26121 is divided by 414.
39
Calculate the remainder when 41363 is divided by 54.
53
What is the remainder when 12594 is divided by 137?
127
Calculate the remainder when 7287 is divided by 694.
347
What is the remainder when 1345 is divided by 1303?
42
Calculate the remainder when 28751 is divided by 30.
11
What is the remainder when 207 is divided by 195?
12
What is the remainder when 1878 is divided by 291?
132
What is the remainder when 5241 is divided by 23?
20
Calculate the remainder when 4978 is divided by 302.
146
Calculate the remainder when 6361 is divided by 3075.
211
What is the remainder when 12905 is divided by 76?
61
What is the remainder when 259197 is divided by 180?
177
Calculate the remainder when 108481 is divided by 100.
81
What is the remainder when 728 is divided by 62?
46
What is the remainder when 379 is divided by 3?
1
Calculate the remainder when 9261 is divided by 1539.
27
Calculate the remainder when 70319 is divided by 2268.
11
Calculate the remainder when 257966 is divided by 57.
41
Calculate the remainder when 3659 is divided by 75.
59
What is the remainder when 538 is divided by 66?
10
What is the remainder when 888 is divided by 684?
204
Calculate the remainder when 2296 is divided by 683.
247
What is the remainder when 8173 is divided by 55?
33
Calculate the remainder when 203500 is divided by 368.
364
Calculate the remainder when 5485 is divided by 113.
61
What is the remainder when 8054 is divided by 2675?
29
Calculate the remainder when 4632 is divided by 48.
24
What is the remainder when 307435 is divided by 14?
9
What is the remainder when 1244 is divided by 42?
26
What is the remainder when 1404 is divided by 55?
29
What is the remainder when 20177 is divided by 481?
456
What is the remainder when 11451 is divided by 460?
411
Calculate the remainder when 6166 is divided by 363.
358
Calculate the remainder when 143375 is divided by 495.
320
Calculate the remainder when 13229 is divided by 409.
141
What is the remainder when 9892 is divided by 9885?
7
What is the remainder when 1562 is divided by 454?
200
What is the remainder when 576 is divided by 243?
90
What is the remainder when 32961 is divided by 673?
657
What is the remainder when 54440 is divided by 378?
8
Calculate the remainder when 866 is divided by 285.
11
Calculate the remainder when 12490 is divided by 2076.
34
Calculate the remainder when 36080 is divided by 161.
16
Calculate the remainder when 10907 is divided by 10.
7
What is the remainder when 1876 is divided by 503?
367
What is the remainder when 2780 is divided by 128?
92
What is the remainder when 20906 is divided by 255?
251
Calculate the remainder when 19740 is divided by 46.
6
Calculate the remainder when 38202 is divided by 1175.
602
What is the remainder when 2111 is divided by 694?
29
What is the remainder when 12134 is divided by 83?
16
Calculate the remainder when 13972 is divided by 13962.
10
Calculate the remainder when 29956 is divided by 3.
1
What is the remainder when 1509351 is divided by 99?
96
What is the remainder when 132363 is divided by 78?
75
Calculate the remainder when 73122 is divided by 9127.
106
Calculate the remainder when 253882 is divided by 15867.
10
What is the remainder when 465 is divided by 17?
6
Calculate the remainder when 5088203 is divided by 594.
593
What is the remainder when 21556 is divided by 469?
451
What is the remainder when 2943 is divided by 36?
27
What is the remainder when 3484 is divided by 13?
0
Calculate the remainder when 8185 is divided by 2701.
82
Calculate the remainder when 2264190 is divided by 7.
5
Calculate the remainder when 1929906 is divided by 137850.
6
Calculate the remainder when 4609 is divided by 333.
280
Calculate the remainder when 71374 is divided by 35639.
96
What is the remainder when 1336131 is divided by 98?
97
Calculate the remainder when 8621 is divided by 126.
53
Calculate the remainder when 5606 is divided by 504.
62
Calculate the remainder when 47437 is divided by 78.
13
Calculate the remainder when 38047 is divided by 2918.
113
Calculate the remainder when 15916 is divided by 999.
931
What is the remainder when 161283 is divided by 720?
3
Calculate the remainder when 2874 is divided by 180.
174
What is the remainder when 9161 is divided by 14?
5
Calculate the remainder when 2596 is divided by 27.
4
What is the remainder when 197740 is divided by 49432?
12
What is the remainder when 27846 is divided by 9225?
171
What is the remainder when 28228 is divided by 15?
13
What is the remainder when 54332 is divided by 6789?
20
What is the remainder when 20447 is divided by 6?
5
What is the remainder when 3070 is divided by 1500?
70
What is the remainder when 258532 is divided by 20?
12
Calculate the remainder when 45009 is divided by 62.
59
Calculate the remainder when 89850 is divided by 28.
26
Calculate the remainder when 87231 is divided by 807.
75
Calculate the remainder when 4272 is divided by 4248.
24
Calculate the remainder when 268 is divided by 191.
77
Calculate the remainder when 64500 is divided by 436.
408
What is the remainder when 286318 is divided by 1655?
3
What is the remainder when 1855 is divided by 190?
145
What is the remainder when 5179713 is divided by 18?
15
Calculate the remainder when 2627579 is divided by 21.
17
Calculate the remainder when 358019 is divided by 151.
149
What is the remainder when 9925 is divided by 50?
25
Calculate the remainder when 24050 is divided by 8004.
38
What is the remainder when 204118 is divided by 8?
6
Calculate the remainder when 11646 is divided by 2326.
16
Calculate the remainder when 51963 is divided by 17314.
21
Calculate the remainder when 50288 is divided by 25115.
58
What is the remainder when 9639 is divided by 303?
246
Calculate the remainder when 1706 is divided by 209.
34
Calculate the remainder when 13043 is divided by 620.
23
Calculate the remainder when 493 is divided by 271.
222
What is the remainder when 17586 is divided by 8729?
128
Calculate the remainder when 213431 is divided by 2371.
41
What is the remainder when 17852 is divided by 3960?
2012
What is the remainder when 25469 is divided by 64?
61
Calculate the remainder when 4386 is divided by 1798.
790
Calculate the remainder when 32371 is divided by 3226.
111
Calculate the remainder when 596979 is divided by 1024.
1011
What is the remainder when 6496 is divided by 2786?
924
What is the remainder when 349167 is divided by 14?
7
Calculate the remainder when 14806 is divided by 77.
22
Calculate the remainder when 609 is divided by 100.
9
What is the remainder when 7125 is divided by 250?
125
What is the remainder when 6128 is divided by 680?
8
What is the remainder when 36509 is divided by 487?
471
What is the remainder when 29348 is divided by 637?
46
Calculate the remainder when 2429 is divided by 558.
197
Calculate the remainder when 5640 is divided by 1876.
12
Calculate the remainder when 21594 is divided by 3592.
42
What is the remainder when 124208 is divided by 12?
8
What is the remainder when 22327 is divided by 7441?
4
Calculate the remainder when 89085 is divided by 17804.
65
What is the remainder when 1331051 is divided by 49298?
5
What is the remainder when 1421050 is divided by 416?
410
Calculate the remainder when 239 is divided by 58.
7
What is the remainder when 1322192 is divided by 440